 -630. Calculate the greatest common factor of 49 and k.
7
Suppose d - 10 = -2*h + 12, -3*d + 2*h = -90. Let z be (-8)/d*7/3*-6. What is the greatest common divisor of z and 6?
2
Suppose -76 = -3*y + 194. Let k = 11 + -8. Suppose -10 = -k*b + 2*b. What is the highest common factor of b and y?
10
Let p(g) = g**3 + 10*g**2 + g - 12. Let h be p(-4). Let o = 25 + h. What is the greatest common factor of 30 and o?
15
Suppose 6*t - 2*t = -y + 127, 2*y = -3*t + 89. Suppose -28*d - 675 = -t*d. What is the greatest common divisor of 27 and d?
27
Let j(r) = -r**3 - 14*r**2 - 21*r - 44. Let g be j(-13). Suppose -10*p + g = -6*p. Calculate the greatest common divisor of p and 6.
3
Suppose 4*t - 21 = 2*p + 113, 2*p + 35 = t. What is the highest common factor of 48 and t?
3
Let d = 3163 + -2109. Calculate the greatest common divisor of d and 34.
34
Let w be 1*(-3)/(-3)*3. Suppose 5*m + 3*u = 34, -14 = -5*u + 1. Let r be 5*(0 + 12/m). Calculate the greatest common factor of r and w.
3
Let g(h) = -5*h - 2. Let s be g(3). Let n be (-6)/(-3)*s/(-2). Suppose 0 = -4*q - 7*q + 374. What is the highest common divisor of q and n?
17
Suppose 9*g - 5*g = 0. Let k(i) = -i**3 + 2*i - 1. Let x be k(g). Let n be 15*x*(-13)/13. What is the highest common divisor of 45 and n?
15
Let s = 201 - 120. Let y = 5 + 4. Calculate the highest common factor of s and y.
9
Let o(l) = l**2 + 4*l - 50. Let g be o(-10). Suppose -g*k + 11*k = 36. What is the greatest common factor of k and 54?
18
Let k(m) = -20*m - 26. Let v be k(-6). Suppose -c + 19 = -v. Suppose r - 39 = c. Calculate the highest common divisor of 19 and r.
19
Let x(t) = 63*t**2 + 0 + 72*t**2 + 1. Let k be x(-1). What is the highest common divisor of 17 and k?
17
Let t = -632 + 1732. What is the highest common divisor of 80 and t?
20
Suppose -4*o + 67 = 11. Let n(y) = 13*y. Let a be n(8). Let q be a/16 - (-1)/2. What is the greatest common factor of o and q?
7
Let f = 42 + -28. Suppose -7*h - 1393 + 1491 = 0. Calculate the highest common factor of h and f.
14
Suppose 4*h + 56 + 304 = 4*d, -5*d - 4*h = -414. Let u be d/11 + 30/165. Calculate the greatest common divisor of u and 88.
8
Let m be 0 + -1 - (4 - 7). Suppose -7*h + 75 = -m*h. Suppose 5*v - 3*v - 38 = -4*t, 4*t - 8 = 0. What is the highest common factor of h and v?
15
Let d be (-8)/28 - 8408/(-28). Suppose 5*u - 120 = d. Suppose 5*b - u = -3*o, -3*b + 12 = -7*b. What is the highest common factor of 3 and o?
3
Let p = 529 - 243. Calculate the greatest common factor of 26 and p.
26
Let h be (-4319)/14*-2 - 7. Calculate the highest common divisor of h and 10.
10
Let r be -5 + (-1970)/(-90) - 2/(-18). Let t = 10 - 5. Suppose 2*b - 87 = 5*m + 24, 325 = t*b - 3*m. What is the highest common divisor of r and b?
17
Let c = -8 - -60. Calculate the greatest common divisor of 169 and c.
13
Let r = 18 - 13. Suppose 5*b = 5*j - r, j + 8 = 5*b + 21. Let a be j/(8/(-156)) + 1. What is the highest common factor of 10 and a?
10
Suppose -54*b + 17*b = -222. What is the greatest common divisor of 1590 and b?
6
Let f = -524 + 569. Calculate the greatest common factor of 285 and f.
15
Let s = 2123 - 1511. Calculate the greatest common divisor of 136 and s.
68
Let d(l) = 3*l - 10. Let j be d(4). Suppose -2*v = 2*x - 126, -x - 4*x + 306 = j*v. Calculate the greatest common divisor of x and 12.
12
Suppose -3*s + 2*g = 13 + 13, -3*s = -4*g + 28. Let u = s - -30. What is the greatest common factor of 55 and u?
11
Let j(w) = 23*w - 339. Let z be j(15). Let t be (7 - 6)*(0 + 2). Suppose t*c + c - 45 = 0. Calculate the highest common divisor of z and c.
3
Suppose -6*z + 60 = -5*z. Suppose -3*o + 60 = 5*i, -3*i + 55 = -3*o + 19. What is the highest common divisor of z and i?
12
Suppose -4*r - 5*m + 66 = 0, 13*m - 11*m = -2*r + 32. Calculate the greatest common factor of r and 3.
1
Let s = -355 - -391. Suppose -42 = -5*k - 4*o + 81, -5*o = -3*k + 96. Calculate the greatest common divisor of k and s.
9
Let c(g) = 2*g - 6*g + 3*g - 2. Let a be c(7). Let d = a - -15. What is the highest common factor of 18 and d?
6
Suppose 0 = 4*l - 4*k - 180, 21*l + 4*k = 22*l - 33. What is the greatest common factor of l and 1568?
49
Let o(k) = k**2 - 30*k + 3. Let x be o(31). Calculate the highest common factor of x and 187.
17
Let s be 0 - 4 - -1 - 172/(-4). What is the greatest common factor of s and 328?
8
Let o be (-1 - (-68 + 30/(-6))) + 3. What is the highest common divisor of o and 60?
15
Let d(m) be the first derivative of -m**4/2 - 2*m**3/3 - m**2/2 - 8*m + 18. Let y be d(-4). Let o = 36 - 13. What is the greatest common factor of y and o?
23
Let y = 472 + -304. What is the greatest common divisor of 14 and y?
14
Let c = -43 - -59. Calculate the highest common divisor of 3 and c.
1
Let n be -10*240/(-375)*30/4. Calculate the greatest common factor of 984 and n.
24
Let q(s) = 2*s + 20. Let y be q(-14). Let n(k) = 9*k**2 + 2 - 4*k + 5*k + k**3 + 7*k. Let x be n(y). What is the highest common divisor of x and 1?
1
Let b = -512 + 566. What is the greatest common divisor of b and 189?
27
Let c = -22 - -26. Suppose 0 = -d + 18 - c. Calculate the greatest common divisor of 28 and d.
14
Let n(h) = -4*h**2 + 179*h - 127. Let x be n(44). Let q = 27 + -15. Let o be (-4)/3*q/(-8). What is the highest common factor of o and x?
1
Let q = 384 + -340. What is the highest common divisor of 154 and q?
22
Let w = -18 - -16. Let b be (-8)/6*3/w. What is the highest common divisor of b and 14?
2
Let l(g) = -g**3 - 21*g**2 + 22*g + 10. Let j be l(-22). Calculate the greatest common divisor of j and 290.
10
Let g be -1 - 16/(-14) - 37269/(-287). What is the greatest common factor of g and 10?
10
Suppose 24*q = 659 + 1021. Suppose -k = -f + 4, -3*f + k + 10 = f. Suppose 0 = o + f*o - 21. What is the greatest common factor of o and q?
7
Let p = 352 + -172. Let o(x) = -857*x - 737. Let g be o(-1). What is the greatest common divisor of p and g?
60
Let z = 165 + -64. Let i = z + -69. Suppose -2*t = -5*l + 50, 5 + 0 = -t. Calculate the highest common factor of l and i.
8
Let u(y) = y**2 - 10*y + 28. Let m be u(7). Suppose -m*d = -55 - 155. What is the greatest common divisor of d and 45?
15
Suppose 0 = 5*r + 1 + 169. Let y = r + 199. Calculate the highest common divisor of y and 15.
15
Let o be (-9818)/(-12) - (-1)/(-6). Let y = -408 + o. Suppose -5*b + y + 330 = 4*z, -3*b + z + 461 = 0. What is the highest common factor of b and 19?
19
Let u(y) = -11*y - 101. Let h be u(-17). Calculate the highest common divisor of h and 430.
86
Let b = 222 - 202. Calculate the highest common divisor of 110 and b.
10
Suppose -4*h - 9 = -2*t - 3*t, -5*h - 4*t = 42. Let j be -24*8/6*h/4. What is the highest common factor of 6 and j?
6
Suppose -4*u + 238 = 3*x, -7*u + 3*u + 4*x = -224. What is the greatest common factor of u and 203?
29
Suppose 14*t = -5*t + 5*t. Let k = 42 + -27. Suppose t*h + k = 5*h. What is the greatest common factor of 2 and h?
1
Let f be 2/(-6) + 6/18. Suppose 4*l = 4*u + 28, 3*u + 9 = -f*u - l. Let d be (0 + -2)/(u/10). Calculate the highest common divisor of d and 55.
5
Let u = -2 - -16. Let w = u + -10. Let y = -2 + w. Calculate the greatest common divisor of 5 and y.
1
Suppose -3*u = -2*q - 4523, -u + 2*u = q + 1509. What is the greatest common factor of 70 and u?
35
Suppose 2*i = -3*p + 1134, 21*p - 26*p + 1906 = -2*i. Calculate the highest common factor of p and 285.
95
Suppose 2*l = -3*l + 5*y - 25, -5 = -5*l - y. Let s = 9 - l. Calculate the highest common factor of 18 and s.
9
Let p be (1/(-3))/(40/(-240)). Calculate the highest common divisor of p and 16.
2
Let o = -11 + -38. Let n = -43 - o. Calculate the greatest common factor of n and 66.
6
Let p be (-1886)/(-18) + (-15)/((-1350)/20). Calculate the greatest common factor of p and 84.
21
Suppose -19*t + 9555 = -14*t. Calculate the highest common divisor of t and 21.
21
Let g(o) = o**3. Let v be g(-1). Let t(z) = 44 - 45 + 7*z - 3*z + 8*z - 20*z. Let k be t(v). Calculate the highest common factor of 35 and k.
7
Let o be -29 - -42 - (1 + -2). Calculate the greatest common factor of o and 14.
14
Let x = -14 - -27. Let f = -10 - -13. Let z be 64 + (-1 - -5 - f). Calculate the greatest common divisor of z and x.
13
Let x = -191 + 277. Let z be 14*(-1 + x/14). What